3277 = -203. Is o prime?
False
Let b(k) = k**3 - 8*k**2 + 12*k + 4. Let g be b(6). Is g/(-14) - 2856/(-49) composite?
True
Let b(d) = 2*d - 4. Let j = 5 + -2. Let f be b(j). Is (-2)/(f/62*-2) prime?
True
Let f be -3*((-2)/3 - 2). Let b be (-255)/(-12) + (-2)/f. Suppose -x = m - 3*x - b, 4*m + x = 75. Is m composite?
False
Let w = 987 + -590. Is w prime?
True
Let x = -6 - -11. Suppose 5*l = -x*d + 1252 - 442, -159 = -l - 4*d. Is l composite?
False
Let w be 0 - 1 - (-3 - -2). Let m be 12*5 + w - 0. Suppose 4*r + 4*l - m = 0, 83 = 4*r + l + 23. Is r prime?
False
Suppose 2*n - 6 = -4*i - 0*n, -3*n = -i + 5. Suppose -g = i*g - 627. Is g prime?
False
Let m be ((-10)/(-3))/((-3)/(-9)). Let i be 4/m - (-2)/(-5). Suppose i*b = b - 91. Is b a prime number?
False
Is (-1218)/(-3) + (0 - 5) composite?
False
Let g = 724 - 153. Is g a composite number?
False
Let f(o) = o**2 - 7*o - 11. Let v be (-2)/(-9)*-3*-3. Let r be 15/(v/((-12)/(-9))). Is f(r) a composite number?
False
Suppose -4*f - 185 = -949. Is f composite?
False
Let h(n) = 6*n**2 - 10 + 10 + n. Let a be h(-1). Suppose -2*o - 10 = 0, -o + 35 = a*t + 3*o. Is t a prime number?
True
Let k(f) = 70*f - 1. Let w be k(2). Let l = w + -86. Is l composite?
False
Suppose k - 4 = -2. Suppose 4*z = p + 2*p + 472, 0 = -k*z - p + 246. Is z composite?
True
Let f = 4 - 1. Suppose f*p - 546 = -3*y, -3*p + 2*p + 180 = -y. Is p composite?
False
Let t = 879 - 550. Is t prime?
False
Let c = 8 + -3. Suppose 8*z = 10 + 30. Suppose 5*l = 2*i + 185, c*i + 3 = -z*l + 188. Is l a prime number?
True
Let z be ((-3)/(-9))/(1/24). Is -3*z/12 - -159 a composite number?
False
Suppose 16 = -5*w - 9. Is 1/w + 1452/10 a composite number?
True
Suppose -6*g + 2440 = 5*b - 5*g, 0 = -2*b + 3*g + 959. Is b composite?
False
Let t(b) be the second derivative of b**3/2 - b**2/2 + 3*b. Let c be t(4). Let u = 68 + c. Is u prime?
True
Let l(q) = -36*q - 9. Let o(m) = 18*m + 5. Let w(i) = -4*l(i) - 7*o(i). Is w(1) composite?
False
Let w(c) = -3*c. Let k be w(6). Let b be k/15*(-5)/2. Suppose 214 = b*m + 49. Is m composite?
True
Let z(u) be the third derivative of 7*u**4/12 + u**3/6 - 2*u**2. Let o(v) = 29*v + 2. Let g(h) = 4*o(h) - 7*z(h). Is g(7) a composite number?
False
Suppose -k = -5*k + 4. Suppose b - 1 = k. Suppose b*g - 117 = 149. Is g a composite number?
True
Suppose 6*k = 3*k + 5*l + 77, 3*k - l = 61. Is k a prime number?
True
Suppose -4*h + 3*h - 4*y - 4 = 0, 3*y - 2 = -2*h. Suppose -3*u + u = -h, 2*u + 32 = a. Suppose -p + 6 = o, 2*o + a = 6*o + p. Is o a prime number?
False
Let s = 2450 - 1188. Let i = s + -622. Suppose 3*w + 151 = i. Is w composite?
False
Let p(b) be the second derivative of b**6/40 - b**5/40 - b**4/6 - 2*b. Let n(x) be the third derivative of p(x). Is n(4) prime?
False
Let w(a) = a**3 - 11*a**2 + 13*a - 13. Let d be w(15). Suppose -9*l + 7*l + d = 0. Is l prime?
True
Let m = 12 + -10. Is -3 - (-6)/m - -187 composite?
True
Let o(z) = 6*z**3 + 3*z**2 + 3*z + 1. Let k be o(4). Suppose 2*a + 5*x = 890, 2*a - k = a - x. Is a a prime number?
False
Let n(c) = -430*c**3 - 2*c - 1. Is n(-1) composite?
False
Let n = -136 + 234. Let a = n + -52. Is a composite?
True
Suppose -4*p + 3*x - 1797 + 6466 = 0, -5*x + 4645 = 4*p. Is p prime?
False
Let f be (-11)/44 - (-2)/8. Suppose 2*j - j - 3 = f. Is j composite?
False
Let k(f) = 0*f**2 + 2 - 3 + 2*f**2 - f**3. Let x be k(1). Suppose -2*t + 13 = -l - 0, x = 4*t + 4*l - 32. Is t composite?
False
Let x(j) = -112*j - 4. Let p be x(-2). Suppose 0 = -3*k - 4*q + 152 + 13, 4*k = -q + p. Is k a prime number?
False
Let i be (6/(-4))/(2/68). Let g be 0 + 1 + -1 + i. Is (-4)/4*(g + 0) a composite number?
True
Let c = -161 + 694. Is c a prime number?
False
Let g = -24 + 47. Is g prime?
True
Is (2 + (-6)/2)*-163 a prime number?
True
Let r(g) be the first derivative of g**3/2 + g**2/2 - 2*g + 1. Let u(h) be the first derivative of r(h). Is u(7) a composite number?
True
Suppose 0 - 4 = -2*i. Let o be (-5)/(-3) - i/3. Is (0 - o)*(-126 - 1) composite?
False
Let k(p) = 85*p - 2. Is k(1) a composite number?
False
Suppose 0*r + r - 185 = 0. Is r a prime number?
False
Let i(h) = -h**2 + 4*h. Let f be i(3). Suppose -f*q + 1 = -5. Is (31/q)/((-2)/(-4)) composite?
False
Let n(t) = 2*t**3 - 8*t**2 - 2*t + 7. Let m be n(6). Suppose -27 = -2*h + m. Suppose 23 - h = -4*b. Is b a prime number?
False
Let h be 4/(-4) - (-6)/1. Suppose -h*x - 42 = 8. Is 262/10 + 2/x a prime number?
False
Let j be -8*((-10)/(-4) + -3). Suppose 3 = -j*g - 5*y - 0, 4*y = -g - 9. Suppose 12 - 133 = -g*q + i, 2*q = -4*i + 62. Is q composite?
True
Suppose -217 = -3*g + 176. Let q = 466 - g. Is q composite?
True
Is (-2*701)/((-4)/6*3) a prime number?
True
Let o be -8 + 1 + 2 + -3. Let z be -3*o/3 + 1. Let t = 23 - z. Is t a prime number?
False
Is ((-17572)/69)/(2/(-3)) composite?
True
Let d(n) = 83*n - 7. Suppose w - 5*w = -24. Let k be d(w). Suppose 4*v - k = 3*s, -v - s = -0*s - 114. Is v prime?
False
Let x = 18 - 12. Let o(c) = c**3 - 6*c**2 + 5*c + 7. Is o(x) a prime number?
True
Let m = -2622 - -1829. Let r = -380 - m. Is r a prime number?
False
Let r = 1014 + -403. Is r a prime number?
False
Suppose 5*b + 5*d + 56 = 216, -2*b - 5*d = -49. Is b prime?
True
Suppose 5*w + 5*n - 2905 = 0, -w + 1735 = 2*w - 5*n. Suppose 3*v + w = 7*v. Is v a composite number?
True
Is (-6045)/(-13) + 1 + 3 a composite number?
True
Suppose -6*k = -4*k - 8. Suppose -4*b = -2*q + q - 79, k*q = -b + 41. Is b composite?
True
Suppose 4*c + 5 = 29. Is (-70)/(-1) + c/(-2) a composite number?
False
Let l(r) = r**3 - r**2 - r + 4. Let u be l(0). Let j(v) = -v**2 - v. Let w(s) = 4*s**2 + 7*s + 3. Let k(y) = 2*j(y) + w(y). Is k(u) prime?
False
Suppose 4*l = 17 - 5. Suppose 4*a = d - 155, -l*d + 156 = -2*d - 3*a. Is d prime?
False
Let z(c) = c**3 + 11*c**2 - c - 11. Let y be z(-11). Suppose 3*o - 105 = -y*o. Is o a prime number?
False
Let c(m) = 29*m + 11. Is c(6) a composite number?
True
Let b(g) = g**2 + 8*g. Let h be b(-7). Let r(p) = -p**3 - 6*p**2 + 6*p - 10. Let v be r(h). Let a = v - -25. Is a a prime number?
False
Suppose 398 + 1208 = 3*g - 2*l, 0 = -2*g + 3*l + 1074. Suppose 278 + g = 4*b. Is b a prime number?
False
Let k = -6 + 6. Suppose -4*n - 5*g + 17 = k, 0*g = -n + 4*g - 1. Suppose -5*u = -n*c - 36, u + 2*c = -u + 24. Is u prime?
False
Let g(c) = 312*c**3 + 3*c**2 - 3*c + 1. Is g(2) prime?
True
Let r(t) = 8*t - 1. Let f be r(1). Let q be (-3)/((-1)/2*2). Suppose -f*c + 92 = -q*c. Is c a prime number?
True
Let r(p) = -4*p**2 + 9*p + 3. Suppose 2*h + 1 + 1 = 0. Let u(m) = -m**2 + m - 1. Let l(y) = h*r(y) + u(y). Is l(-5) composite?
True
Let r(y) = -6*y**2 + 20*y - 6. Let i(g) = 7*g**2 - 21*g + 5. Let a(o) = 5*i(o) + 6*r(o). Is a(11) prime?
False
Let i be -236*((-21)/12)/7. Let c = 430 - i. Is c prime?
False
Let p be 2/8 + 665/(-20). Let f = 86 + p. Is f composite?
False
Let v(x) = 1 + 0 - 2 + 2 - 114*x. Is v(-1) prime?
False
Is ((-1)/4)/(18/(-15192)) composite?
False
Let y(a) = -3*a**3 - 4*a**2 - a - 5. Suppose 4*q - q - 12 = 0. Suppose q*r = -r - 4*m, -3*r - 32 = -4*m. Is y(r) a prime number?
True
Let v = -4 + 0. Is (-8 + -2)*46/v prime?
False
Let o(a) = -308*a**3 + a**2 - 1. Is o(-2) a composite number?
False
Suppose 0 = -4*j + 3*g - 49, -j + 3*g - 1 = -0*j. Let f = -9 - j. Is f prime?
True
Let b(d) = d**2 + 2*d + 3. Let j(q) = -q**2 - 3*q - 2. Let u be j(-3). Let w be b(u). Suppose 5*m - 238 = w*m. Is m composite?
True
Is 113*4/(-8)*-46 a composite number?
True
Suppose 0 = -5*y + 5*x + 35, -2*x + 9 - 41 = -5*y. Suppose -2*k = -y*k + 84. Is k prime?
False
Let j(l) = -7*l - 1. Let x be j(2). Let g be (-71)/(-5) - (-3)/x. Suppose 5*s - g = 3*s. Is s prime?
True
Suppose -d = 4*q - 14 - 10, 5*q = 3*d + 13. Suppose d*y - 84 = 48. Is y composite?
True
Suppose -3*i + 121 = 2*b, 4*i - 2*i + 4*b - 86 = 0. Is i a composite number?
True
Suppose 4*u - 4 = 0, -244 - 68 = -2*o + 4*u. Suppose b + 441 = 5*i, -5*b - o = -0*i - 2*i. Is i composite?
False
Suppose 6*g + 505 = 4819. Is g a prime number?
True
Suppose -3*d - 8580 = -7*d. Suppose 5*n - w - 1841 = 0, -5*n - 309 = 4*w - d. Suppose n + 76 = 4*l. Is l a composite number?
True
Suppose 2*d - 2084 = -2*d. Is d a composite number?
False
Let c(i) = i**2 + i + 63. Let l be c(0). Let j = 37 - l. Let d = j + 39. I